 - (-4 - -2 - 4))?
9
What is -359 + 354 - (92 - ((-9 - -4) + 7))?
-95
What is the value of -2 - -20 - (-8 + -53)?
79
What is (-22 + 17 - -6 - (4 + -4)) + -92?
-91
(15 + -5 - 5) + (1 + -1 - 15)
-10
What is -77 + 1 - (24 + -7 + -10 + 22 + -17)?
-88
What is the value of -123 + (98 - -91 - -19)?
85
Evaluate 7 - (111 - (63 - (39 - 19))).
-61
13 + (1 + (8 - 21) - -3 - 72)
-68
Evaluate -3 + 2 + (0 - 6) - (60 - (52 - -28)).
13
What is the value of -37 - (-135 - 8 - -46)?
60
Evaluate 1 + (38 - 145) - (-16 + -4) - 2.
-88
(-14 + 30 - 5 - -13) + 45
69
What is 55 + (51 - (50 - (46 + -27)))?
75
Calculate (431 - 497) + 15 + 0 + -7.
-58
(-132 + 58 - -12) + 138
76
Evaluate (15 - (3 - (2 - (4 - 0)))) + (-333 - -421).
98
What is the value of 8 + 2 + -3 + 48 + (-133 - -86)?
8
Evaluate -8 + (-13 + -7 + 16 - 10) + 15.
-7
What is the value of (5 - 6) + (2 - ((7 - 5) + -12))?
11
Evaluate -50 - (13 + 2 + -14) - 1.
-52
1 + -23 + (-66 - -55 - -81)
48
What is the value of 35 + 17 + -5 + -34?
13
What is 87 + (-45 - 47 - -72)?
67
Calculate -41 + 30 + (2 + 38 + -11 - -5).
23
Calculate 15 + -37 - (-8 + (-18 - 2)) - 85.
-79
What is (32 - -30) + (151 - 255)?
-42
What is the value of -23 + -18 - -21 - (9 + -80)?
51
Evaluate 23 + (3 - -22) - (1 + 18 + (-27 - -18)).
38
Evaluate -22 - 60 - -84 - -86.
88
What is the value of -27 + 19 - (69 - 86)?
9
96 + (-32 - 12) + (-8 - -23)
67
-9 + (4 - 46) - 16
-67
What is the value of -30 - (-9 - ((-63 - -34) + 166))?
116
What is 157 + -122 - (52 + 2)?
-19
-17 + 12 + -8 + (-1 - (0 - (-1 + -10)))
-25
-10 - (0 + 1) - (-14 - ((-38 - -97) + -157))
-95
5 + 9 + 2 - 17 - (-48 + -6)
53
Calculate -13 - (-29 - ((-5 - -7) + 10)).
28
Evaluate 484 + -493 - (-7 - -7).
-9
(-16 - (29 + -21)) + 6 - (1 - 84)
65
(87 - -21) + -79 + -29 + 0
0
What is the value of 88 + (-24 - (-19 + 1 + 6)) + (10 - -3)?
89
Calculate 42 - (135 + -64 - 107).
78
Evaluate (-52 - -12) + 23 - (-2 - 5) - 9.
-19
What is -77 - (3 - (-8 - (5 - -1)) - 15)?
-79
-7 - (-8 + 7 + (3 - 14) + 57)
-52
What is the value of 81 - (-30 + 59) - 144?
-92
What is (1 - 4) + (2 - 7 - ((55 - 95) + -8))?
40
What is the value of -29 - 40 - (-10 - 52)?
-7
Calculate (-33 - -44 - 90) + 37.
-42
Evaluate 16478 + -16497 + (-1 - (1 - -22)).
-43
-84 - (-89 + 104) - -60
-39
Calculate (40 - (59 - (59 + -39))) + (2 + -1 - 112).
-110
What is the value of 1 + 13 + (55 - 39) + -3?
27
Calculate -35 - (10 - 36 - 9) - (-7 + 0).
7
What is (3101 - 3083 - (108 - (-2 + 4))) + 9?
-79
-106 + -1 + 4 + -12 + (-24 - -23)
-116
Calculate -21 + 7 + -9 + 28 - 4.
1
Evaluate -3 + -63 - (1 - 34).
-33
What is the value of -12 + (-7 + 25 - 9) + -4 + 0?
-7
20 + (-95 - (8 - 2 - (144 + -152)))
-89
What is 42384 + -42332 - ((1 - 1) + 4 + (0 - -1))?
47
Calculate 66 + (-76 - -42) + 41.
73
28 + 55 + (-123 - 26)
-66
Calculate -12 + (26 - 13 - 0) - (6 + -70) - 4.
61
Evaluate 6 - 63 - -61 - 20.
-16
Calculate -14 + 14 + (5 - (-6 + 2)).
9
Evaluate 73 + -11 + -57 + 49.
54
3 + (8 - (9 + -13) - (-5 + 19))
1
What is the value of (30 - (-1 + 2)) + -5 + (-11 - -23) + -6?
30
Evaluate (-2 - -29) + 73 + (-78 - -48) + -61.
9
What is the value of -7 + 3 + (11 - (3 + -59) - -3) + -6?
60
What is 14 + (24 - 14 - -1) - 20?
5
What is (38 - -5) + (-6 - ((-17 - -29) + -12))?
37
Evaluate -7 + (45 - (-11 + (5 - (-14 + 13)))).
43
What is the value of 31 + -4 + -4 + -91 + 22?
-46
What is the value of (91 - 70 - -11) + -26?
6
Calculate 29 + (2 - 19) - (-5 + -7 + 61 - 4).
-33
-66 - (1 + -6) - (-4 - (-41 - -37))
-61
21 + 4 + -21 + 6 + 34 + -2
42
What is 45 - (4 - 8 - (10 + -17)) - (-1 + -1)?
44
What is 2 + 150 + (2461 - 2662)?
-49
What is the value of 1 + (-13 - (-2 - -1 - 2)) + (269 - 238)?
22
What is -32 - (-22 + 45 + -6) - (-1 + 5)?
-53
What is (-15 - 7) + 12 + 0 + (-17 - -2)?
-25
9 + 2 - (-3 + ((5 - 3) + -7 - -11))
8
What is (2 + 4 - 5 - (5 - 15)) + 311 + -369?
-47
Calculate 8 + (-3 - -4) + -85 + 3 + -14.
-87
What is the value of (-10 + -20 + 44 - -7) + 31?
52
What is 9 + (-49 - (-29 - -5)) + 20?
4
What is the value of (-49 - 54) + 115 + -108?
-96
What is -4 + 1 + 7 + -8 + (10 - (-11 - -19))?
-2
Evaluate (-2 - 25) + (-164 - -164).
-27
Calculate 131 + (-63 - -27) + -59.
36
What is (-25 + 24 + 6 - -77) + -4 + 9 + -4?
83
What is -1638 - -1661 - ((-1 - 0) + 88)?
-64
What is the value of 20 + (-4 - 0) + 418 + -426?
8
What is the value of (-6 - (-16 + 6) - -15) + -31?
-12
What is the value of 11 + (49 - (3 - (0 + -8 - -8)))?
57
15 + (-2 - -13 - (70 + -46)) + 9
11
-3 - (-8 + 56) - -27
-24
Evaluate 43 + (-43 - -25) + (3 - 0).
28
What is the value of 18 + (34 + (2 - 24) - -43)?
73
What is -66 - (-50 - 32 - -33)?
-17
What is (-5 - (-4 + (-3 - (8 - 6)))) + -1 + 5?
8
What is the value of 1335 - 1392 - (-12 + 0) - 24?
-69
Evaluate (11 - 0) + (-58 - (33 - 86)) - (0 + 22).
-16
What is (-46 - 1) + (-138 - (-40 + -87))?
-58
-10 + 1 + 16 + (29 - 14 - 81)
-59
-13 + 34 + (8 - (-24 + 1))
52
Evaluate 1 + -9 - (-7 + 36 + -23 - 51).
37
What is -257 - -173 - (-32 - 87)?
35
What is the value of -5 - -93 - ((-30 - -3) + 53 - 23)?
85
Evaluate -3 - -61 - (-98 - (-102 + -22)).
32
What is the value of (-2553 - -2519) + (58 - 0)?
24
What is 5 - (445 + -453 + 3 + -2 + 0)?
12
Calculate -58 + 39 - ((33 - 3) + -11).
-38
Evaluate -1433 - -1391 - (-70 + -1).
29
What is -72 + ((-3 - -10) + -3 - (-3 - (-8 - 1)))?
-74
22 - (9 + 6 - 14 - 4)
25
75 - (-13 + 23 + 4)
61
71 + -121 + 157 + -6
101
(-42 + 38 - (1 - (55 - 0)) - 4) + -1
45
What is the value of -41 - (-21 + 61 + -26) - 7?
-62
(0 - -105 - 1) + (9 - (-32 - (7 + -41)))
111
What is 25 - (-155 - (-183 - -130))?
127
What is 1 + 1 + (-3 - -50) + (9 - 145)?
-87
Evaluate -40 - (13 + (0 + 2 - (44 - 41))).
-52
-120 + 9 + 67 + (-2 - -8)
-38
Calculate -21 + 5 + (0 - 74 - -18).
-72
-18 + (23 + (30 - 46) - ((8 - 2) + 1))
-18
Evaluate 1027 + -992 - (-1 - -2).
34
-43 + -16 + 17 + 0 + 0
-42
-11 - (-5 - (-1 - 2) - 10)
1
What is the value of -1 + 5 + (-285 - (-253 + 18))?
-46
24 + (1 - (-24 + 2 + 6 - -10))
31
What is the value of 5 + -18 - (-14 + (24 - (38 - 20)))?
-5
What is -94 + 72 - -9 - (-29 - 1)?
17
What is the value of -17 + -84 + 65 + (2 - -29)?
-5
What is 2 - 32 - (-1 + -2) - (-25 + -11 + 27)?
-18
Evaluate -145 + (46 - (-26 - -68)).
-141
Calculate (-3 - 54) + (9 - (34 + -15 + 0 - 3)).
-64
Calculate 36 + -33 + -54 - 5 - (-1 - 6).
-49
Evaluate (5 - (-2 - -2)) + -8 - (441 - 404).
-40
Evaluate -44 - (25 + 55 + 45) - -46.
-123
What is -68 + -8 + (-25 + 21 + 1 - (-12 - 0))?
-67
Calculate 12 - (-8 + -3 - -8) - (-25 - 11).
51
Evaluate -16 + (-9 - 33 - -12) + 24.
-22
What is (46 - 91) + 119 - 181?
-107
What is -142 + (265 - 144) - (-3 + -1 + -11)?
-6
What is the value of -34 - (71 - (15 - -18))?
-72
Calculate (227 - 216) + (42 - 15) + (-1 - 8).
29
Calculate 1 - -68 - (-9414 - -9449).
34
Calculate 0 - (-3 + -48 + (13 + 8 - 16)).
46
Calculate (-10 - -16) + 7 - (25 + -3 + 16 + 3).
-28
What is (-41 - -19 - 44 - -8) + 10?
-48
Evaluate (-94 - -62) + -5 + 64.
27
Evaluate (-39 - (16 + -66)) + 30.
41
Evaluate 4 - 3 - (0 + -11) - (6192 - 6187).
7
What is the value of -64 + 58 - (12 - (-1 + -8))?
-27
What is 12 + (-54 - (11 + -55)) + -21 + -1?
-20
(-8 - -1) + 3 - (1555 + -1472)
-87
Evaluate (1115 - 1119) + (0 + -1 - 13).
-18
Evaluate -623 + 557 - (-8 - -20).
-78
What is the value of 4 + -5 + 2 - (-109 - -115)?
-5
What is 49 - -40 - ((-3 - -1 - 4) + (2 - -2))?
91
What is (-3 - 24) + (29 - (116 - 59))?
-55
Calculate (34 - (63 - 47)) + -87 + 1.
-68
What is the value of 7 - (-51 - (-37 + 17) - 24)?
62
Calculate 10 + 26 + -19 - (30 - -9) - 46.
-68
(33 - 23) + -14 - (-4 + (-9 - -11) - 52)
50
(-23 - -55) + (59 - 29) + 64
126
What is the value of -13 + (14 - -2 - (7 - -3)) + 4 + -3?
-6
What is (21 - -9 - 1) + (0 + 1 - -1)?
31
Calculate 25 + (117 - 355) + 122.
-91
What is (3 - (-70 + 55)) + (0 - 44)?
-26
Evaluate 34 - (-8 + 23 + 40).
-21
What is 326 + -343 - (-11 - (4 - 152))?
-154
What is (-75 - -1) + -16 + (-1 - -10) + 21?
-60
-45 + (-83 - (-99 + 15))
-44
Calculate 1 + 4 - 0 - (56 - 78).
27
-15 + -8 + (89 - (56 + 32))
-22
Evaluate 32 - (10 - (60 - (82 + -45))).
45
9 + 54 - 74 - 40
-51
6 + -17 + 12 - (9 - -7)
-15
(-1 - -9) + (-17 + 10 - -1) - (-53 - -7)
48
3 + -11 + 16 + (-16 - 18 - 13)
-39
What is 8 + -2 + -12 + 2 - (1 - (-4 - 55))?
-64
What is the value of (32 + -19 - 12) + -7 + 6 + (5 - 6)?
-1
